{"id":24,"date":"2026-01-08T16:22:09","date_gmt":"2026-01-08T16:22:09","guid":{"rendered":"https:\/\/javaforumnord.de\/2026_new\/?page_id=24"},"modified":"2026-01-08T16:22:09","modified_gmt":"2026-01-08T16:22:09","slug":"verhaltenscodex-code-of-conduct","status":"publish","type":"page","link":"https:\/\/javaforumnord.de\/2026\/verhaltenscodex-code-of-conduct\/","title":{"rendered":"Verhaltenscodex \/ Code of Conduct"},"content":{"rendered":"<h2>Verhaltensregeln auf der Konferenz<\/h2>\n<p>Alle Besucher_innen, Redner_innen, Sponsor_innen und Freiwilligen auf dieser Konferenz werden aufgefordert, sich an folgende Verhaltensregeln zu halten. Diese werden vom Personal auf der gesamten Konferenz durchgesetzt. Wir erbitten uns die Mitarbeit aller Anwesenden, um diese Konferenz zu einem sicheren und angenehmen Ort f\u00fcr alle zu machen.<\/p>\n<h2>Brauchst du Hilfe?<\/h2>\n<p>Vor oder nach der Veranstaltung kannst Du uns per E-Mail unter office@javaforumnord.de erreichen. W\u00e4hrend der Veranstaltung sprich bitte eine dieser Personen an:<\/p>\n<ul>\n<li>Moderator_innen mit Java Forum Nord T-Shirt<\/li>\n<li>Personen am Info-Punkt<\/li>\n<\/ul>\n<h2>Die Kurzfassung<\/h2>\n<p>Wir m\u00f6chten unseren Teilnehmer_innen eine bel\u00e4stigungsfreie Konferenzerfahrung bieten, unabh\u00e4ngig von Geschlecht, sexueller Orientierung, Behinderung, Aussehen, K\u00f6rperbau, Ethnizit\u00e4t, politischen Ansichten, Religionszugeh\u00f6rigkeit (oder Nichtvorhandensein einer solchen) oder Nutzer bestimmter Technologien. Wir tolerieren keinerlei Bel\u00e4stigung von Konferenzbesucher_innen. Sexualisierte Sprache und Darstellungen sind auf der Konferenz unerw\u00fcnscht. Dies umfasst den Veranstaltungsort, die Vortr\u00e4ge, Workshops und Feten, sowie Twitter und andere Medien. Teilnehmer_innen, die gegen diese Regeln versto\u00dfen, m\u00fcssen mit Sanktionen durch das Veranstaltungspersonal rechnen, inklusive eines Verweises der Konferenz ohne Anspruch auf R\u00fcckerstattung des Eintrittspreises.<\/p>\n<h2>Gesundheitsschutz<\/h2>\n<p>Die Gesundheit unserer Konferenzbesucher_innen ist uns wichtig. Es sind alle am Veranstaltungstermin geltenden gesetzlichen Vorschriften einzuhalten.<\/p>\n<h2>Die l\u00e4ngere Fassung<\/h2>\n<p>\u201eBel\u00e4stigung\u201c umfasst unter anderem beleidigende Aussagen \u00fcber Geschlecht, sexuelle Orientierung, Behinderung, k\u00f6rperliches Aussehen wie K\u00f6rperbau, Ethnizit\u00e4t oder Religionszugeh\u00f6rigkeit (oder Nichtvorhandensein einer solchen), sexualisierende Darstellungen in \u00f6ffentlichen R\u00e4umen, bewusste Einsch\u00fcchterung, Stalking, Verfolgung, unerw\u00fcnschtes Fotografieren oder Aufnehmen, wiederholte St\u00f6rung von Vortr\u00e4gen und anderen Veranstaltungen, unerw\u00fcnschten k\u00f6rperlichen Kontakt und unerw\u00fcnschte sexuelle Aufmerksamkeit. Ebenso z\u00e4hlt dazu Verhalten, das darauf abzielt andere Personen oder deren Ansichten abzuwerten.<\/p>\n<p>Teilnehmer_innen, die wegen solchen Verhaltens ermahnt werden, haben dieses sofort einzustellen.<\/p>\n<p>Diese Verhaltensregeln gelten auch f\u00fcr Sponsor_innen. Insbesondere sollten Sponsor_innen darauf achten, dass sie keine sexualisierenden Bilder, Aktivit\u00e4ten oder andere sexualisierende Werbemittel einsetzen. Standpersonal (auch Freiwillige) sollten darauf achten, keine sexualisierende Kleidung, Uniformen oder Kost\u00fcme zu tragen, oder sonstwie ein sexualisiertes Umfeld zu gestalten.<\/p>\n<p>Sollten Teilnehmer_innen durch bel\u00e4stigendes Verhalten auffallen, steht es dem Konferenzpersonal frei, entsprechende Ma\u00dfnahmen zu ergreifen, die es f\u00fcr angemessen h\u00e4lt. Dies schlie\u00dft Ermahnungen bis hin zum Verweis von der Konferenz ein. Im Falle eines Verweises besteht kein Anspruch auf R\u00fcckerstattung des Eintrittspreises.<\/p>\n<p>Solltest du dich bel\u00e4stigt f\u00fchlen oder mitbekommen, dass jemand anders bel\u00e4stigt wird oder sonstige Probleme auftreten, wende dich bitte sofort an ein Mitglied des Veranstaltungspersonals. Diese sind an ihren entsprechend markierten T-Shirts schnell zu erkennen.<\/p>\n<p>Mitglieder des Konferenzpersonals k\u00f6nnen euch bei allen Problemen helfen. Dies schlie\u00dft Kontakt mit dem Security-Personal des Veranstaltungsorts und\/oder den Beh\u00f6rden mit ein. Dar\u00fcber hinaus k\u00f6nnen wir Begleitungen vermitteln und auch weitere Ma\u00dfnahmen ergreifen, um Bel\u00e4stigten einen sicheren und angenehmen Besuch der Konferenz zu erm\u00f6glichen. Wir sch\u00e4tzen deine Anwesenheit sehr.<\/p>\n<p>Wir erwarten von allen Teilnehmern die Einhaltung dieser Regeln auf der gesamten Konferenz, den Workshops und auf allen weiteren Zusammenk\u00fcnften im Zusammenhang mit dieser Konferenz.<\/p>\n<div class=\"container\">\n<div class=\"row\">\n<div class=\"col\">\n<p class=\"crbox\"><i>Original und Quelle: <a href=\"http:\/\/2012.jsconf.us\/#\/about\" target=\"_blank\" rel=\"noopener\">http:\/\/2012.jsconf.us\/#\/about<\/a> &amp; <a href=\"http:\/\/geekfeminism.wikia.com\/wiki\/Conference_anti-harassment\/Policy\" target=\"_blank\" rel=\"noopener\">The Ada Initiative<\/a> &amp; <a href=\"https:\/\/www.java-forum-stuttgart.de\/de\/Code%20of%20Conduct.html\" target=\"_blank\" rel=\"noopener\">Java Forum Stuttgart<\/a><br \/>\nBitte helft beim \u00dcbersetzen und Verbessern dieser Regeln: <a href=\"https:\/\/github.com\/leftlogic\/confcodeofconduct.com\" target=\"_blank\" rel=\"noopener\">http:\/\/github.com\/leftlogic\/confcodeofconduct.com<\/a><br \/>\nDieses Werk steht unter der <a href=\"http:\/\/creativecommons.org\/licenses\/by\/3.0\/deed.de\" target=\"_blank\" rel=\"noopener\">Creative Commons Namensnennung 3.0 Unported Lizenz<\/a><\/i><\/p>\n<\/div>\n<\/div>\n<\/div>\n","protected":false},"excerpt":{"rendered":"<p>Verhaltensregeln auf der Konferenz Alle Besucher_innen, Redner_innen, Sponsor_innen und Freiwilligen auf dieser Konferenz werden aufgefordert, sich an folgende Verhaltensregeln zu halten. Diese werden vom Personal auf der gesamten Konferenz durchgesetzt. Wir erbitten uns die Mitarbeit aller Anwesenden, um diese Konferenz zu einem sicheren und angenehmen Ort f\u00fcr alle zu machen. Brauchst du Hilfe? Vor oder [&hellip;]<\/p>\n","protected":false},"author":1,"featured_media":0,"parent":0,"menu_order":0,"comment_status":"closed","ping_status":"closed","template":"","meta":{"footnotes":""},"class_list":["post-24","page","type-page","status-publish","hentry","post"],"_links":{"self":[{"href":"https:\/\/javaforumnord.de\/2026\/wp-json\/wp\/v2\/pages\/24","targetHints":{"allow":["GET"]}}],"collection":[{"href":"https:\/\/javaforumnord.de\/2026\/wp-json\/wp\/v2\/pages"}],"about":[{"href":"https:\/\/javaforumnord.de\/2026\/wp-json\/wp\/v2\/types\/page"}],"author":[{"embeddable":true,"href":"https:\/\/javaforumnord.de\/2026\/wp-json\/wp\/v2\/users\/1"}],"replies":[{"embeddable":true,"href":"https:\/\/javaforumnord.de\/2026\/wp-json\/wp\/v2\/comments?post=24"}],"version-history":[{"count":1,"href":"https:\/\/javaforumnord.de\/2026\/wp-json\/wp\/v2\/pages\/24\/revisions"}],"predecessor-version":[{"id":25,"href":"https:\/\/javaforumnord.de\/2026\/wp-json\/wp\/v2\/pages\/24\/revisions\/25"}],"wp:attachment":[{"href":"https:\/\/javaforumnord.de\/2026\/wp-json\/wp\/v2\/media?parent=24"}],"curies":[{"name":"wp","href":"https:\/\/api.w.org\/{rel}","templated":true}]}}