{"id":217,"date":"2024-07-30T05:27:59","date_gmt":"2024-07-30T05:27:59","guid":{"rendered":"https:\/\/javaforumnord.de\/2024\/?page_id=217"},"modified":"2024-09-09T15:22:28","modified_gmt":"2024-09-09T15:22:28","slug":"programm","status":"publish","type":"page","link":"https:\/\/javaforumnord.de\/2024\/programm\/","title":{"rendered":"Programm"},"content":{"rendered":"\n<p>Aus \u00fcber 160 Einreichungen haben wir ein spannendes und abwechslungsreiches Vortragsprogramm zusammengestellt.<\/p>\n\nWer w\u00e4hrend der Konferenz das <b>WLAN<\/b> nutzen m\u00f6chte, kann das Passwort <b>Va924JaFrU<\/b> nutzen.\n\n\n\n<p><\/p>\n\n\n\n<p><\/p>\n\n\n<script type=\"text\/javascript\" src=\"https:\/\/sessionize.com\/api\/v2\/fbjdgvsw\/view\/GridSmart\"><\/script>\n\n\n<p><\/p>\n","protected":false},"excerpt":{"rendered":"<p>Aus \u00fcber 160 Einreichungen haben wir ein spannendes und abwechslungsreiches Vortragsprogramm zusammengestellt. Wer w\u00e4hrend der Konferenz das WLAN nutzen m\u00f6chte, kann das Passwort Va924JaFrU nutzen.<\/p>\n","protected":false},"author":1,"featured_media":0,"parent":0,"menu_order":0,"comment_status":"closed","ping_status":"closed","template":"","meta":{"footnotes":""},"class_list":["post-217","page","type-page","status-publish","hentry","post"],"_links":{"self":[{"href":"https:\/\/javaforumnord.de\/2024\/wp-json\/wp\/v2\/pages\/217","targetHints":{"allow":["GET"]}}],"collection":[{"href":"https:\/\/javaforumnord.de\/2024\/wp-json\/wp\/v2\/pages"}],"about":[{"href":"https:\/\/javaforumnord.de\/2024\/wp-json\/wp\/v2\/types\/page"}],"author":[{"embeddable":true,"href":"https:\/\/javaforumnord.de\/2024\/wp-json\/wp\/v2\/users\/1"}],"replies":[{"embeddable":true,"href":"https:\/\/javaforumnord.de\/2024\/wp-json\/wp\/v2\/comments?post=217"}],"version-history":[{"count":5,"href":"https:\/\/javaforumnord.de\/2024\/wp-json\/wp\/v2\/pages\/217\/revisions"}],"predecessor-version":[{"id":240,"href":"https:\/\/javaforumnord.de\/2024\/wp-json\/wp\/v2\/pages\/217\/revisions\/240"}],"wp:attachment":[{"href":"https:\/\/javaforumnord.de\/2024\/wp-json\/wp\/v2\/media?parent=217"}],"curies":[{"name":"wp","href":"https:\/\/api.w.org\/{rel}","templated":true}]}}