{"id":170,"date":"2024-06-08T07:52:05","date_gmt":"2024-06-08T07:52:05","guid":{"rendered":"https:\/\/javaforumnord.de\/2024\/?page_id=170"},"modified":"2024-07-30T08:31:57","modified_gmt":"2024-07-30T08:31:57","slug":"speaker","status":"publish","type":"page","link":"https:\/\/javaforumnord.de\/2024\/speaker\/","title":{"rendered":"Speaker"},"content":{"rendered":"\n<p>Wir freuen uns die folgenden Speaker beim Java Forum Nord 2024 begr\u00fc\u00dfen zu d\u00fcrfen.<\/p>\n\n\n\n<p><\/p>\n\n\n\n<p><\/p>\n\n\n<script type=\"text\/javascript\" src=\"https:\/\/sessionize.com\/api\/v2\/fbjdgvsw\/view\/SpeakerWall\"><\/script>","protected":false},"excerpt":{"rendered":"<p>Wir freuen uns die folgenden Speaker beim Java Forum Nord 2024 begr\u00fc\u00dfen zu d\u00fcrfen.<\/p>\n","protected":false},"author":1,"featured_media":0,"parent":0,"menu_order":0,"comment_status":"closed","ping_status":"closed","template":"","meta":{"footnotes":""},"class_list":["post-170","page","type-page","status-publish","hentry","post"],"_links":{"self":[{"href":"https:\/\/javaforumnord.de\/2024\/wp-json\/wp\/v2\/pages\/170","targetHints":{"allow":["GET"]}}],"collection":[{"href":"https:\/\/javaforumnord.de\/2024\/wp-json\/wp\/v2\/pages"}],"about":[{"href":"https:\/\/javaforumnord.de\/2024\/wp-json\/wp\/v2\/types\/page"}],"author":[{"embeddable":true,"href":"https:\/\/javaforumnord.de\/2024\/wp-json\/wp\/v2\/users\/1"}],"replies":[{"embeddable":true,"href":"https:\/\/javaforumnord.de\/2024\/wp-json\/wp\/v2\/comments?post=170"}],"version-history":[{"count":3,"href":"https:\/\/javaforumnord.de\/2024\/wp-json\/wp\/v2\/pages\/170\/revisions"}],"predecessor-version":[{"id":220,"href":"https:\/\/javaforumnord.de\/2024\/wp-json\/wp\/v2\/pages\/170\/revisions\/220"}],"wp:attachment":[{"href":"https:\/\/javaforumnord.de\/2024\/wp-json\/wp\/v2\/media?parent=170"}],"curies":[{"name":"wp","href":"https:\/\/api.w.org\/{rel}","templated":true}]}}